4 (base 9) to base 7.
5062
4106 (base 10) to base 11
30a3
What is -5929 (base 15) in base 3?
-221222110
Convert 12200110 (base 3) to base 13.
1b69
-111001001101101 (base 2) to base 9
-44157
c87 (base 16) to base 8
6207
Convert -8758 (base 11) to base 7.
-45461
-310 (base 4) to base 13
-40
Convert -21113 (base 6) to base 14.
-107b
Convert 32 (base 11) to base 9.
38
Convert -220231 (base 4) to base 9.
-3514
Convert 1a393 (base 14) to base 13.
243c0
-34120 (base 6) to base 13
-2253
Convert 2336 (base 13) to base 11.
3797
What is 2226 (base 16) in base 3?
102222210
Convert -11211012 (base 3) to base 4.
-312323
What is 12303 (base 4) in base 7?
1161
bda (base 14) to base 15
a68
Convert -13024 (base 7) to base 15.
-104d
Convert -34566 (base 7) to base 10.
-8868
Convert 2933 (base 11) to base 4.
323023
What is 2447 (base 8) in base 11?
a9a
Convert -11102 (base 4) to base 6.
-1322
Convert 4c1e (base 15) to base 2.
11111101100101
Convert 442 (base 7) to base 8.
342
What is -1110010111 (base 2) in base 12?
-647
What is 1355 (base 9) in base 14?
530
Convert 178 (base 12) to base 4.
3230
What is 174 (base 15) in base 4?
11032
What is e549 (base 15) in base 3?
2110110020
-2402 (base 10) to base 6
-15042
What is -122222 (base 3) in base 12?
-345
-119 (base 11) to base 12
-b9
-1177 (base 8) to base 11
-531
29a (base 13) to base 11
393
-83 (base 9) to base 2
-1001011
-1451 (base 9) to base 15
-4d4
What is -22c4 (base 15) in base 7?
-30346
What is -3 (base 11) in base 4?
-3
10b7 (base 13) to base 16
92b
What is 1044 (base 8) in base 2?
1000100100
What is -25100 (base 6) in base 7?
-13545
What is 206 (base 14) in base 4?
12032
Convert 1533 (base 6) to base 16.
1a1
What is -2121 (base 9) in base 16?
-616
-432041 (base 6) to base 14
-ccc1
Convert 201111 (base 4) to base 15.
973
What is -230 (base 4) in base 8?
-54
Convert -2220 (base 12) to base 10.
-3768
What is -2e99 (base 15) in base 10?
-10044
Convert 122022 (base 3) to base 2.
111010011
Convert -1001100101111 (base 2) to base 5.
-124121
-331345 (base 6) to base 7
-143243
33172 (base 9) to base 15
67cb
What is -6750 (base 8) in base 9?
-4785
What is -2030214 (base 5) in base 16?
-81a0
-1634 (base 7) to base 2
-1010010110
What is 210020 (base 3) in base 16?
23d
192c (base 14) to base 7
16155
-24326 (base 11) to base 13
-12c11
13583 (base 10) to base 2
11010100001111
What is 83b8 (base 12) in base 4?
3200330
Convert -4121 (base 5) to base 12.
-388
-1142 (base 5) to base 2
-10101100
Convert -11110011001 (base 2) to base 16.
-799
What is -3313044 (base 5) in base 8?
-157672
112110201 (base 3) to base 5
314144
521 (base 13) to base 8
1550
What is 12121 (base 6) in base 4?
123301
Convert 1305 (base 9) to base 2.
1111010001
Convert -101000100011 (base 2) to base 3.
-10120010
What is -3104213 (base 5) in base 14?
-145d4
-16902 (base 10) to base 3
-212012000
What is 71 (base 14) in base 11?
90
-2a4a (base 11) to base 7
-14306
Convert -23130110 (base 4) to base 16.
-b714
What is -277a (base 11) in base 3?
-11221012
Convert -2817 (base 10) to base 4.
-230001
What is -475 (base 9) in base 10?
-392
What is 10a2 (base 14) in base 13?
1410
What is 11320 (base 4) in base 14?
1cc
Convert 10924 (base 13) to base 10.
30112
Convert -1200102 (base 3) to base 5.
-14401
What is -111120 (base 4) in base 16?
-558
Convert -166 (base 7) to base 14.
-6d
332 (base 13) to base 14
2b2
Convert -1050 (base 9) to base 4.
-30012
What is 13bb (base 12) in base 5?
33203
-5302 (base 10) to base 5
-132202
15871 (base 9) to base 16
2aa6
1889a (base 11) to base 6
322022
Convert -1a4f (base 16) to base 13.
-30b1
Convert 10db (base 16) to base 2.
1000011011011
What is 126a (base 12) in base 11?
1638
What is 212003 (base 6) in base 13?
7b36
What is -1242 (base 7) in base 14?
-259
Convert -170 (base 11) to base 6.
-530
What is 5b67 (base 16) in base 13?
a85c
-4443 (base 13) to base 15
-2c49
Convert 13427 (base 8) to base 15.
1b41
What is -2363 (base 11) in base 4?
-300112
Convert -2b01 (base 12) to base 6.
-35201
What is 100102 (base 3) in base 7?
512
Convert -18553 (base 11) to base 6.
-320052
Convert 154 (base 10) to base 13.
bb
What is 2b9 (base 13) in base 6?
2134
What is -575 (base 9) in base 2?
-111011001
What is -e5 (base 15) in base 12?
-15b
What is -5510 (base 7) in base 13?
-b84
What is 7b00 (base 12) in base 10?
13680
6b70 (base 13) to base 11
10407
Convert 3a674 (base 11) to base 16.
e2b8
What is -852 (base 11) in base 12?
-715
-98b9 (base 15) to base 10
-32349
5312 (base 6) to base 16
4ac
-2064 (base 7) to base 8
-1334
Convert 742 (base 10) to base 2.
1011100110
What is 10011000110000011 (base 2) in base 6?
1402031
-1016 (base 10) to base 13
-602
Convert 23583 (base 10) to base 9.
35313
What is -1106 (base 7) in base 11?
-332
-473 (base 15) to base 7
-2640
5400 (base 6) to base 12
860
What is -27554 (base 8) in base 13?
-56ab
What is 114100 (base 5) in base 3?
12212100
Convert -1103 (base 5) to base 14.
-ad
6401 (base 10) to base 7
24443
What is 22035 (base 7) in base 8?
12612
Convert -106 (base 15) to base 3.
-22120
What is a837 (base 15) in base 7?
205540
9035 (base 12) to base 13
7136
-2991 (base 12) to base 13
-229c
What is -33d6 (base 16) in base 2?
-11001111010110
Convert -4a3 (base 13) to base 7.
-2234
Convert -1d6 (base 15) to base 7.
-1146
-11004 (base 5) to base 10
-754
788 (base 16) to base 8
3610
-80d (base 16) to base 2
-100000001101
-102310 (base 6) to base 16
-2082
Convert -1511 (base 14) to base 2.
-111010011011
-61586 (base 10) to base 12
-2b782
What is -44010 (base 7) in base 5?
-322413
Convert 733 (base 8) to base 4.
13123
Convert 1101001011110 (base 2) to base 15.
2000
What is 20162 (base 7) in base 8?
11437
Convert 10000011101 (base 2) to base 16.
41d
Convert 203103 (base 4) to base 9.
3080
Convert -d95 (base 15) to base 16.
-bf9
What is -10002 (base 4) in base 2?
-100000010
Convert 14450 (base 6) to base 13.
10a7
-24565 (base 10) to base 15
-742a
1004 (base 6) to base 16
dc
What is 2c0 (base 13) in base 5?
3434
12201 (base 3) to base 16
9a
What is 10410 (base 5) in base 6?
3214
What is 514 (base 13) in base 9?
1157
Convert -5d7c (base 16) to base 10.
-23932
What is 21233 (base 4) in base 2?
1001101111
Convert 42be (base 15) to base 13.
657b
-4c4c (base 15) to base 3
-211022200
What is -2503 (base 6) in base 14?
-31d
What is -83c (base 15) in base 14?
-969
Convert -64c8 (base 13) to base 8.
-33306
Convert 132100 (base 4) to base 15.
891
-2922a (base 13) to base 2
-10010110111010101
What is 32a (base 15) in base 3?
222111
What is -11100010111 (base 2) in base 5?
-24230
1436 (base 9) to base 6
5010
What is 737 (base 9) in base 5?
4401
101110110110 (base 2) to base 7
11512
What is -140013 (base 5) in base 15?
-1a08
Convert -1022012122 (base 3) to base 4.
-12101003
Convert 20212 (base 5) to base 3.
1210102
What is 108 (base 11) in base 14?
93
What is 100100101001000 (base 2) in base 7?
105460
18214 (base 10) to base 2
100011100100110
What is -53034 (base 6) in base 8?
-15756
-2212112 (base 3) to base 2
-100000101101
What is 6264 (base 13) in base 6?
142550
Convert -7797 (base 12) to base 5.
-410334
Convert 206 (base 8) to base 12.
b2
Convert -114114 (base 5) to base 3.
-12212200
Convert -928 (base 16) to base 15.
-a64
What is -502a (base 14) in base 9?
-20776
3f (base 16) to base 8
77
What is -83 (base 13) in base 6?
-255
What is -1a73 (base 11) in base 12?
-1625
-437 (base 11) to base 4
-20030
What is -693 (base 11) in base 12?
-590
Convert -112101220 (base 3) to base 8.
-24404
3676 (base 12) to base 4
1133322
Convert 7b3a (base 12) to base 2.
11010110011110
What is -51400 (base 6) in base 7?
-25641
What is -2300 (base 5) in base 3?
-110001
1022 (base 7) to base 11
2a7
10dc (base 15) to base 4
313332
What is -51239 (base 10) in base 11?
-35551
What is 8f2 (base 16) in base 15?
a2a
-21220112 (base 3) to base 15
-1a95
Convert 111110000111 (base 2) to base 4.
332013
Convert 156113 (base 7) to base 15.
926e
Convert 22313 (base 7) to base 12.
3325
What is -33 (base 5) in base 16?
-12
What is 850 (base 12) in base 9?
1586
What is -299 (base 12) in base 15?
-1c0
What is -110100111010 (base 2) in base 9?
-4572
What is 2002222212 (base 3) in base 2?
1010001001001101
Convert -2594 (base 13) to base 5.
-132420
Convert 33003 (bas